7*w + 2346. Is w a prime number?
False
Suppose 1022 = -4*c - 1070. Let g = 858 + c. Is g composite?
True
Let a = 724 + 121. Let c = a - 210. Is c a composite number?
True
Is ((-13)/(-702)*9)/(1/(-252758))*-3 composite?
True
Suppose -497 = -4*y + 4*k + 1071, 5*k = 25. Is y a composite number?
False
Suppose s - 21541 = -4*g, 0 = 35*s - 38*s + 2*g + 64693. Is s a prime number?
False
Let u(p) = -28*p + 158. Let l be u(-23). Let h = l + 3289. Is h a prime number?
True
Let v = 332238 - 100289. Is v composite?
True
Is -9*(-85)/(-153) + 1142554 a composite number?
False
Suppose -z + 12905 = 2*l, 0 = -3*z + l + 28160 + 10576. Is z a composite number?
False
Let p(d) = -d**3 - d**2 + d + 1049. Let o(m) = 11*m - 1. Let g be o(3). Suppose g*n = 27*n. Is p(n) a prime number?
True
Let k(h) = 2*h**2 - 41*h - 4. Let w be k(21). Let m(d) = -19*d**2 + 8*d + 9. Let i(x) = 57*x**2 - 23*x - 26. Let n(s) = w*m(s) + 6*i(s). Is n(-2) prime?
False
Suppose 25*a - 3963201 = -49*a + 41*a. Is a composite?
False
Suppose 1 = 4*x - 3. Let q(z) be the third derivative of 97*z**4/6 + z**3/2 + z**2 - 20. Is q(x) prime?
False
Let f(r) = -2*r**3 - 2*r**2 + 2*r + 4. Let o be f(-5). Is o*6 - (5 + -5 + 1) a composite number?
False
Suppose -u = 4*z - 62010, z + z + 2*u = 31002. Is z a composite number?
True
Let s = 62 - 68. Let b be (2 + s - -1) + 3. Suppose b = 4*f - 3*f - 307. Is f prime?
True
Is (1618 - 0)*(98745/90)/29*3 composite?
True
Let w(h) = -80*h + 100. Let v(t) = 80*t - 99. Let s(i) = 3*v(i) + 2*w(i). Is s(22) a prime number?
True
Let q = 229201 + -128502. Is q a prime number?
True
Suppose -2*l - a + 495 = 0, 4*l - 512 = a + 481. Let q be 592 + (1 - 2) + 0. Let p = q + l. Is p composite?
False
Suppose 22064 = 266*z - 282*z. Let f = z - -2902. Is f composite?
False
Let v(i) = -1696*i - 2797. Is v(-24) prime?
True
Let h be 3/(3 - 0) + 1. Is -33 + 4022 + 2*-1 + h prime?
True
Let f(u) = -u. Let j(g) = 4*g**3 - 9*g**2 - 9*g + 27. Let i(t) = 4*f(t) + j(t). Let w(r) be the first derivative of i(r). Is w(-15) a composite number?
False
Let d(h) = 23*h**2 - 5*h + 1. Let c be d(-1). Suppose -c*s + 6772 = -27*s. Is s prime?
False
Let y(q) = 3*q**2 - 5*q + 12. Let l be y(6). Suppose -4*j + 7*j = -l. Is 6/10 + (-7512)/j composite?
False
Let r be (-2 - (-4 - -1))*-18129. Let c = r + 4149. Is (2/6)/((-69904)/c + -5) composite?
True
Let x(t) = -t**2 + 11*t - 12. Let w be x(10). Let s be (-10)/w + -1 + (-1 - -2). Suppose 3*c + y - 7617 = -4*y, -s*c + 5*y = -12695. Is c a composite number?
False
Let f = -24 - -24. Suppose 2*q - 487 - 556 = 5*d, f = -4*q + 3*d + 2093. Suppose -5*u = -u - q. Is u composite?
False
Suppose -3*z - 2*g - 339578 = -7*z, -5*g = 5*z - 424480. Is z composite?
True
Let r(z) = 23191*z**3 - 15*z**2 + 27*z - 3. Is r(2) a prime number?
True
Suppose -44 = 6*r - 14. Is (-10159)/(-2)*(r - -1 - -6) a composite number?
False
Suppose -161*x - a = -158*x - 890759, -a = -2*x + 593826. Is x composite?
True
Is (46692 - 0) + 16/240*15 a composite number?
True
Let i = -1020202 - -1561923. Is i a prime number?
True
Let b be 7 - 0/(-2*1/2). Is 1*((-2)/b - (-67035)/35) composite?
True
Let b be (30/(-3))/(-5) - -3. Suppose -22*p - c + 6553 = -20*p, -3*p - b*c = -9826. Is p a prime number?
False
Suppose -24186*i - 3901356 = -24222*i. Is i a composite number?
True
Suppose 4*h = 3862 + 6078. Let t = h + -1334. Is t a composite number?
False
Let b(g) = g + 8. Let j be b(-4). Let f(l) = -l**2 + 38*l - 35. Let o be f(37). Suppose s = -7*p + j*p + 803, -1602 = -o*s - 5*p. Is s composite?
True
Let b be 4*7551 - (-9 - -9). Let c = -19433 + b. Is c a composite number?
False
Let m(b) = -82*b**3 + 11*b**2 + 36*b - 109. Is m(-6) a composite number?
False
Is 453268*((-333)/1110)/(6/(-5)) composite?
True
Suppose 3*n - 17*v - 1230159 = -19*v, -2050265 = -5*n + v. Is n a prime number?
False
Let m = 354 - -470. Let p = m + 478. Suppose 6*k = 20*k - p. Is k prime?
False
Let q be ((-228)/(-8) + -4)/((-7)/14). Is q + 47 + 326*174/4 composite?
True
Suppose -6*v + v = -18545. Suppose 0 = 5*p - 3*s - v, -4*s = 5*p - 8*s - 3707. Is p a composite number?
False
Suppose -2*k - a + 70194 = 0, -82*k - 22*a = -77*k - 175407. Is k prime?
True
Suppose -32197 - 53090 = -3*d. Is d prime?
True
Suppose -3*y = -4*t - 29, 3*y - t - 4*t = 34. Suppose -6*q + y*q + 3*p + 1770 = 0, -4*p - 599 = -q. Is q a prime number?
True
Let p(s) = 3*s**2 - 3*s - 1105. Let i(t) = 4*t**2 - 4421 + 13*t**2 - 4*t**2 - 13*t. Let j(x) = 2*i(x) - 9*p(x). Is j(0) a prime number?
True
Let t(w) be the first derivative of -w**2/2 - 8*w + 17. Let v be t(-13). Suppose -3*x + 5512 = v*x. Is x a prime number?
False
Let c = 1050 - 1621. Let p be (-74872)/(-34) + 8/(-68). Let u = c + p. Is u composite?
True
Let u = -5519 + 10224. Is u a composite number?
True
Let z(b) = -2*b + 21. Let y be z(18). Let w(r) = -2*r**3 - 17*r**2 + 24*r + 35. Let j be w(y). Suppose 5*h + 999 - j = d, 638 = 2*h - d. Is h prime?
False
Let f(n) = -24941*n + 688. Is f(-3) prime?
True
Let m = 32645 + -16718. Is m prime?
False
Let k(f) = f**3 + 17*f**2 - f - 15. Let t be k(-17). Let p(o) = 296*o**2 - 5*o + 5. Let m be p(t). Suppose m = 19*q - 16*q. Is q a composite number?
True
Suppose -53*s + 30*s + 5911 = 0. Suppose -21*y + s = -10600. Is y composite?
True
Let h(j) = 2*j**2 - 4*j + 2. Let v be h(2). Suppose i + i + v*p = 0, p = 5*i - 30. Suppose -i*y + 7349 = 2004. Is y a composite number?
False
Let d(q) = -q**3 - 4*q**2 + 4*q - 5. Let m be d(3). Let j = m - -62. Suppose -580 = -j*s + 2*s. Is s a composite number?
True
Suppose 0 = -5*t - 5*y + 3600575, -4*y = 4*t - 8*t + 2880524. Is t composite?
True
Let x be 18*1/(-2)*(-8)/(-12). Let j(w) = 28*w**2 + 3*w + 13. Is j(x) prime?
False
Let z(c) = -57*c**3 - 3*c**2 - c - 2. Suppose u = 4*w - 1 - 6, 0 = 4*u - 2*w + 14. Is z(u) a composite number?
True
Suppose -85*d + 71*d = 84182. Let y = d - -14726. Is y composite?
False
Let y = 673956 - 447893. Is y composite?
False
Let m(w) = -127*w + 12. Let n be 21/(-28) - (-99)/4. Suppose n = -4*d + 4. Is m(d) a composite number?
False
Suppose 31*r = 28*r + 600. Suppose 195*v + 50 = r*v. Suppose 13*m - 3231 = v*m. Is m a composite number?
True
Let h(d) = -d**2 + 7*d + 19. Let t be h(9). Let j(p) = 3*p**2 - 11*p - 7. Let m(x) = x - 1. Let z(f) = t*j(f) + 4*m(f). Is z(-4) prime?
False
Suppose -149*y + 55670025 = -142226262. Is y a composite number?
True
Let m(t) = -t**2 - 15*t - 32. Let q be m(-12). Let a be -2 + -2*(-27260)/8. Suppose q*z + 6813 = 2*l + l, -a = -3*l + 5*z. Is l a composite number?
True
Suppose -7*l = -10*l + m + 15736, -5*l = 2*m - 26245. Suppose 0 = 19*d - l - 6742. Is d a prime number?
True
Suppose 5*j = -5 + 225. Let c = -398 - -409. Let t = c + j. Is t a composite number?
True
Let u = -562 + -35480. Let x = -24191 - u. Is x composite?
True
Suppose -2 = -4*t - 10. Is t/4 - (-13)/(182/177233) a prime number?
True
Suppose -6397*a + 6409*a - 707244 = 0. Is a prime?
True
Let a(d) be the second derivative of -137*d**3/2 + 13*d**2 + 4*d - 5. Is a(-3) a prime number?
True
Let i(c) = -c**3 + 6*c**2 + 12*c + 30. Let o be i(12). Let p = o - -2363. Is p prime?
False
Let c = -4349 + 1396. Is (2/2)/((-1)/c) a composite number?
False
Suppose t = -3*z + 6484, 14*z - 18*z + 12958 = 2*t. Is t prime?
True
Let t be (-8)/(-20) + 168/(-20). Let c be 1/(12/(-2415)) - 2/t. Let d = 4144 + c. Is d a prime number?
True
Let a = 691 - -3666. Suppose 14*u - a = 13*u. Is u a composite number?
False
Suppose -3*w + 1 + 11 = 0. Suppose -397 = -b + 5*k, -w*b - 5*k = -b - 1111. Suppose 0*f + f = -3*t + b, 5*f + 655 = 5*t. Is t prime?
True
Let n be (2 - 3)*-49 - 2. Let g = n + -44. Is 3*1 - (-199 + g) a prime number?
True
Suppose -3*b + 9961 + 129929 + 34467 = 0. Is b prime?
False
Let c(f) be the second derivative of 19*f**4/12 - 14*f**3/3 - 44*f**2 + 4*f + 5. Is c(-27) a prime number?
True
Let i = 3306 - 5803. Let n = i - -3774. Is n prime?
True
Suppose 2*u - 4*q = 9346, -7*u + 12*u - 23320 = q. Is u a prime number?
True
Let b(x) = 19*x**2 + 3*x + 1252. Is b(38) a composite number?
True
Let m be (-225432)/15 + 0 + 2/(-10). Let x = 8851 + m. Let q = -3277 - x. Is q prime?
False
Let k(x) be the second derivative of 0 + 2/3*x**4 + 1/3*x**3 - 7/2*x**2 + 22*x. Is k(16) prime?
False
Let c = -10097 + 21970. Suppose -3*y 